 the highest common factor of 5343850 and 50.
50
Calculate the greatest common divisor of 70 and 279727490.
70
What is the highest common divisor of 844967 and 310?
31
Calculate the greatest common factor of 1110 and 222585.
15
What is the highest common divisor of 87154958 and 230?
46
What is the greatest common factor of 2482 and 2959274?
146
What is the greatest common divisor of 241098 and 19448?
286
What is the greatest common divisor of 8 and 3878722288?
8
What is the highest common factor of 78821820 and 14652?
396
What is the greatest common divisor of 6543 and 195745477?
727
What is the highest common divisor of 3169865 and 10065?
305
Calculate the highest common divisor of 173676 and 117588.
492
What is the greatest common factor of 28847106 and 134634?
7086
Calculate the greatest common factor of 9064068 and 5238.
582
Calculate the greatest common divisor of 497594583 and 81.
81
Calculate the greatest common divisor of 13473648 and 192.
48
What is the highest common factor of 909 and 590160?
3
What is the greatest common divisor of 72 and 1963632?
24
Calculate the greatest common divisor of 152824619 and 152.
19
Calculate the greatest common factor of 17709926 and 806.
26
What is the greatest common factor of 51 and 11071403?
17
Calculate the highest common divisor of 2065764 and 48.
12
Calculate the highest common divisor of 16536 and 241468.
212
What is the greatest common divisor of 2304 and 300168?
72
Calculate the highest common divisor of 475 and 4909885.
95
Calculate the greatest common factor of 80 and 44985104.
16
What is the greatest common divisor of 119 and 1217097?
7
Calculate the greatest common divisor of 9129 and 154377.
51
Calculate the highest common divisor of 1050 and 9271950.
150
Calculate the greatest common divisor of 16900570 and 710.
10
Calculate the highest common factor of 25564 and 109901.
11
Calculate the greatest common factor of 64314 and 827091.
81
What is the greatest common divisor of 91817366 and 1174?
1174
What is the highest common divisor of 13602 and 179454?
6
What is the highest common divisor of 2587525 and 16620335?
12035
What is the greatest common factor of 35368 and 7928?
8
Calculate the greatest common divisor of 3941247 and 93.
93
Calculate the highest common factor of 877682 and 5135.
13
What is the greatest common factor of 192 and 6287104?
64
Calculate the greatest common divisor of 576 and 4254021.
9
What is the highest common divisor of 1761 and 1964712480?
1761
What is the greatest common factor of 3577 and 56569233?
511
Calculate the greatest common factor of 1038110 and 270.
10
What is the greatest common divisor of 474 and 7367224?
158
What is the greatest common factor of 8385659 and 3514?
251
What is the highest common factor of 2228068 and 15?
1
Calculate the highest common divisor of 190133 and 157440131.
10007
What is the highest common divisor of 22091017 and 299?
299
Calculate the greatest common factor of 6035232 and 34641.
3849
Calculate the greatest common divisor of 1168 and 153281896.
584
Calculate the highest common divisor of 23088 and 259311.
39
Calculate the highest common divisor of 54 and 291840606.
18
Calculate the greatest common divisor of 619590 and 4106686.
2174
What is the greatest common factor of 19154799 and 783?
27
Calculate the highest common divisor of 15 and 97075140.
15
Calculate the greatest common factor of 32 and 10158264.
8
Calculate the highest common factor of 3960 and 272635.
55
What is the greatest common factor of 84 and 1078908?
12
Calculate the highest common divisor of 28680217 and 5365.
1073
Calculate the greatest common factor of 29968 and 107488.
16
What is the highest common divisor of 271164 and 11260966?
766
Calculate the greatest common factor of 460488 and 189.
21
Calculate the highest common factor of 167116 and 3649.
41
Calculate the highest common factor of 37706967 and 3843.
549
What is the greatest common factor of 113276509 and 73?
73
What is the highest common divisor of 1350705 and 285?
15
What is the greatest common factor of 203634 and 3174?
6
What is the greatest common divisor of 1150560 and 274380?
1020
Calculate the highest common divisor of 1476 and 9991413.
369
Calculate the greatest common factor of 179076625 and 98.
49
What is the highest common divisor of 7097379 and 3?
3
Calculate the greatest common factor of 7450352 and 187408.
3536
Calculate the highest common divisor of 84303 and 10061811.
4959
What is the greatest common divisor of 2838825 and 23250?
2325
What is the greatest common divisor of 12 and 7696636?
4
What is the highest common divisor of 71486051 and 637?
637
What is the highest common factor of 1317 and 42818304?
1317
What is the highest common divisor of 3179 and 11261463?
289
What is the highest common factor of 2369 and 457629?
103
What is the greatest common factor of 19994 and 13676?
26
What is the greatest common divisor of 817264231 and 1743?
581
What is the highest common divisor of 638 and 248763218?
638
What is the highest common divisor of 201942270 and 270?
90
Calculate the greatest common divisor of 2174650 and 17050.
1550
What is the greatest common factor of 112 and 106663536?
112
Calculate the highest common divisor of 23128 and 22189251.
413
Calculate the highest common divisor of 38233875 and 250.
125
What is the greatest common factor of 952 and 26344628?
68
Calculate the highest common factor of 70941 and 6487.
13
What is the greatest common divisor of 443000 and 9400?
200
What is the greatest common divisor of 5474 and 62629?
161
Calculate the greatest common divisor of 41190 and 45138.
6
What is the greatest common factor of 177649953 and 657?
219
What is the highest common factor of 651 and 37775577?
651
What is the highest common divisor of 13512 and 780168?
24
Calculate the highest common factor of 9329787 and 100647.
1899
Calculate the highest common factor of 3570 and 97502055.
1785
Calculate the greatest common factor of 165831 and 530058.
501
What is the greatest common factor of 2004 and 14646735?
501
What is the highest common factor of 197922996 and 63?
9
What is the highest common divisor of 1003925 and 494?
13
Calculate the greatest common divisor of 1266 and 994998.
6
Calculate the highest common factor of 875 and 3030125.
875
Calculate the greatest common factor of 14895 and 9114885.
45
What is the greatest common divisor of 2835741 and 600324?
7899
Calculate the greatest common factor of 282546 and 41778.
198
What is the highest common factor of 3123 and 248679?
9
What is the highest common divisor of 181632 and 57780096?
4224
Calculate the greatest common factor of 56027 and 119930.
179
Calculate the greatest common divisor of 731373 and 2561967.
393
What is the highest common factor of 782560 and 16415?
335
What is the greatest common divisor of 44478478 and 148456?
5302
What is the highest common divisor of 776386986 and 24?
6
What is the greatest common divisor of 141318 and 6426?
54
What is the greatest common divisor of 17671528 and 37373?
1967
What is the highest common divisor of 9546349 and 309?
103
Calculate the greatest common factor of 351802 and 4.
2
What is the greatest common divisor of 415553015 and 8313?
2771
Calculate the greatest common factor of 1880976 and 3408.
48
What is the greatest common factor of 34050 and 437883?
681
Calculate the greatest common factor of 175154366 and 238.
34
What is the highest common divisor of 195803 and 309?
103
Calculate the highest common factor of 86767580 and 8220.
2740
What is the greatest common factor of 309092 and 19536104?
3724
What is the greatest common factor of 71935 and 1585?
5
Calculate the highest common factor of 3464521 and 1267.
181
What is the highest common factor of 579272 and 26344?
296
What is the highest common factor of 3032 and 133086987?
379
What is the greatest common divisor of 111772 and 4144?
4
What is the highest common divisor of 14546166 and 345?
69
Calculate the greatest common factor of 16951571 and 406679.
9919
What is the greatest common divisor of 31227552 and 16149?
2307
Calculate the greatest common divisor of 795402440 and 350.
70
What is the greatest common divisor of 4499232 and 880?
16
What is the greatest common divisor of 4 and 8198651?
1
Calculate the